{"id":959,"date":"2024-01-24T14:27:38","date_gmt":"2024-01-24T13:27:38","guid":{"rendered":"https:\/\/www.ring-junger-buende.de\/wordpress\/?page_id=959"},"modified":"2024-03-29T11:17:52","modified_gmt":"2024-03-29T10:17:52","slug":"rjb-spiele-wochenende","status":"publish","type":"page","link":"https:\/\/www.ring-junger-buende.de\/wordpress\/rjb-spiele-wochenende\/","title":{"rendered":"RjB Spiele-Wochenende"},"content":{"rendered":"<p><style>div::before {<br \/>  content: \"\";<br \/>  width: 15em;<br \/>  display: block;<br \/>  overflow: hidden;<br \/>}<\/style><\/p>\n<p><!--\n\n<p><a href=\"#anmeldung\"> =&gt; zur Anmeldung<\/a><\/p>\n\n--><\/p>\n<div id=\"attachment_968\" style=\"width: 437px\" class=\"wp-caption alignnone\"><img loading=\"lazy\" decoding=\"async\" aria-describedby=\"caption-attachment-968\" class=\"wp-image-968 \" src=\"https:\/\/www.ring-junger-buende.de\/wordpress\/wp-content\/uploads\/2024\/01\/Juegos_infantiles_con_sacos-300x208.jpg\" alt=\"\" width=\"427\" height=\"296\" srcset=\"https:\/\/www.ring-junger-buende.de\/wordpress\/wp-content\/uploads\/2024\/01\/Juegos_infantiles_con_sacos-300x208.jpg 300w, https:\/\/www.ring-junger-buende.de\/wordpress\/wp-content\/uploads\/2024\/01\/Juegos_infantiles_con_sacos-1024x710.jpg 1024w, https:\/\/www.ring-junger-buende.de\/wordpress\/wp-content\/uploads\/2024\/01\/Juegos_infantiles_con_sacos-768x533.jpg 768w, https:\/\/www.ring-junger-buende.de\/wordpress\/wp-content\/uploads\/2024\/01\/Juegos_infantiles_con_sacos-1536x1066.jpg 1536w, https:\/\/www.ring-junger-buende.de\/wordpress\/wp-content\/uploads\/2024\/01\/Juegos_infantiles_con_sacos-2048x1421.jpg 2048w, https:\/\/www.ring-junger-buende.de\/wordpress\/wp-content\/uploads\/2024\/01\/Juegos_infantiles_con_sacos-150x104.jpg 150w\" sizes=\"auto, (max-width: 427px) 100vw, 427px\" \/><p id=\"caption-attachment-968\" class=\"wp-caption-text\">Quelle: <a href=\"https:\/\/commons.wikimedia.org\/wiki\/File:Juegos_infantiles_con_sacos.jpg\">Pabvigar<\/a> \u00a9 CC BY 3.0 Deed<\/p><\/div>\n<div>Auf den Treffen, Lagern und Fahrten vieler B\u00fcnde tauchen immer wieder Spiele auf.<\/div>\n<div>&nbsp;<\/div>\n<div>Aber warum spielen wir eigentlich? Welche gruppendynamischen Prozesse werden dadurch angeregt? Wie leite ich ein Spiel an? Was f\u00fcr unterschiedliche Spiele gibt es? Was ist wenn die Spielfreude &#8222;im Keller&#8220; ist? Was ist wenn alles anders kommt als geplant? Wie kann ich durch Spiele Zusammenhalt erm\u00f6glichen? Und was ist wenn ich gar nicht spielen will, gibt es dann Alternativen?<\/div>\n<div>Diese oder \u00e4hnliche Fragen werden wir gemeinsam mit Kopf, Herz und Hand beantworten. Das bedeutet wir werden uns Zeit nehmen, um Spiele kennenzulernen, zu reflektieren und f\u00fcr den eigenen Gebrauch zu erproben. Voraussetzungen gibt es keine, Hauptsache du hast Bock.<\/div>\n<div>Ich freu mich auf ein ereignisreiches, lustiges und lehrreiches Wochenende!<\/div>\n<div>&nbsp;<\/div>\n<div>\n<p><strong>Zum Referenten (Taco, deutsche reformjugend):<\/strong> Bei meinem ersten Treffen vor 10 Jahren habe ich begeistert Spiele gespielt. In meiner Ausbildung zum Theaterp\u00e4dagogen, in meiner Zeit als Jugendleiter und Bildungsreferent habe ich mein Spielerepertoire erweitern und in vielf\u00e4ltigen Kontexten ausprobieren k\u00f6nnen. Nun m\u00f6chte ich mit dem Wochenende auf Burg Ludwigstein &#8222;Spiele mit Jugendgruppen&#8220; eine Multiplikator*innenschulung anbieten, die es so noch nicht gegeben hat. Lass dich \u00fcberraschen!<\/p>\n<\/div>\n<p><u>Alle Teilnehmer erhalten von uns eine Teilnahmebescheinigung \u00fcber ca. 10 Zeitstunden, die z.B. zur Vorlage beim Arbeitgeber, Bund oder Verband oder zum Nachweis einer Fortbildung f\u00fcr die Juleica-Verl\u00e4ngerung verwendet werden kann<\/u> (Details und Anerkennung bitte im Zweifelsfall mit dem Empf\u00e4nger der Bescheinigung abkl\u00e4ren!).<\/p>\n<p><b><u>N\u00e4chster Termin:<\/u>&nbsp; &nbsp;Ende 2024 \/ Anfang 2025<\/b><br><u>Ort:<\/u>&nbsp;&nbsp;&nbsp;Burg Ludwigstein<br><u>\u00dcbernachtung:<\/u>&nbsp;&nbsp;&nbsp;im Bodenlager oder im Zelt (Jurtenpl\u00e4tze sind vorhanden)<br><u>Verpflegung:<\/u>&nbsp;&nbsp;&nbsp;Samstagmorgen bis Sonntagmittag (wir kochen gemeinsam)<br><u>Kostenbeitrag:<\/u>&nbsp;&nbsp;&nbsp;25 \u20ac<br><u>Zeitplan:<\/u>&nbsp;&nbsp;&nbsp;Anreise Fr ab 18 Uhr m\u00f6glich, Programmbeginn am Samstag<br>um 10 Uhr, Ende ist Sonntag um 12 Uhr<br><u><\/u><\/p>\n\n\n<p><\/p>\n","protected":false},"excerpt":{"rendered":"<p>Auf den Treffen, Lagern und Fahrten vieler B\u00fcnde tauchen immer wieder Spiele auf. &nbsp; Aber warum spielen wir eigentlich? Welche gruppendynamischen Prozesse werden dadurch angeregt? Wie leite ich ein Spiel an? Was f\u00fcr unterschiedliche Spiele gibt es? Was ist wenn die Spielfreude &#8222;im Keller&#8220; ist? Was ist wenn alles anders\u2026<\/p>\n<p class=\"continue-reading-button\"> <a class=\"continue-reading-link\" href=\"https:\/\/www.ring-junger-buende.de\/wordpress\/rjb-spiele-wochenende\/\">Continue reading<i class=\"crycon-right-dir\"><\/i><\/a><\/p>\n","protected":false},"author":1,"featured_media":0,"parent":0,"menu_order":0,"comment_status":"closed","ping_status":"closed","template":"","meta":{"ngg_post_thumbnail":0,"footnotes":""},"class_list":["post-959","page","type-page","status-publish","hentry"],"_links":{"self":[{"href":"https:\/\/www.ring-junger-buende.de\/wordpress\/wp-json\/wp\/v2\/pages\/959","targetHints":{"allow":["GET"]}}],"collection":[{"href":"https:\/\/www.ring-junger-buende.de\/wordpress\/wp-json\/wp\/v2\/pages"}],"about":[{"href":"https:\/\/www.ring-junger-buende.de\/wordpress\/wp-json\/wp\/v2\/types\/page"}],"author":[{"embeddable":true,"href":"https:\/\/www.ring-junger-buende.de\/wordpress\/wp-json\/wp\/v2\/users\/1"}],"replies":[{"embeddable":true,"href":"https:\/\/www.ring-junger-buende.de\/wordpress\/wp-json\/wp\/v2\/comments?post=959"}],"version-history":[{"count":30,"href":"https:\/\/www.ring-junger-buende.de\/wordpress\/wp-json\/wp\/v2\/pages\/959\/revisions"}],"predecessor-version":[{"id":1143,"href":"https:\/\/www.ring-junger-buende.de\/wordpress\/wp-json\/wp\/v2\/pages\/959\/revisions\/1143"}],"wp:attachment":[{"href":"https:\/\/www.ring-junger-buende.de\/wordpress\/wp-json\/wp\/v2\/media?parent=959"}],"curies":[{"name":"wp","href":"https:\/\/api.w.org\/{rel}","templated":true}]}}