{"id":494,"date":"2021-12-29T12:55:57","date_gmt":"2021-12-29T11:55:57","guid":{"rendered":"https:\/\/www.ring-junger-buende.de\/wordpress\/?page_id=494"},"modified":"2024-11-17T21:03:30","modified_gmt":"2024-11-17T20:03:30","slug":"haeuser-und-heime","status":"publish","type":"page","link":"https:\/\/www.ring-junger-buende.de\/wordpress\/haeuser-und-heime\/","title":{"rendered":"H\u00e4user und Heime der RjB-B\u00fcnde (Auswahl)"},"content":{"rendered":"<h3>Berlin<\/h3>\n<ul>\n<li><a href=\"http:\/www.pfadfinderburg.de\">Die Pfadfinderburg des DPB<\/a><\/li>\n<\/ul>\n<h3>Hessen<\/h3>\n<ul>\n<li><a href=\"https:\/\/www.burgludwigstein.de\">Die Burg Ludwigstein<\/a> (bei Kassel)<\/li>\n<li><a href=\"https:\/\/www.wwv-web.net\/landheim\">Das Landheim des Weinbacher Wandervogels<\/a> (bei Limburg)<\/li>\n<li><a href=\"https:\/\/kreuzfahrer.org\/bundesheim\/\">Der Pfadfinderzeltplatz Wilhelmsh\u00f6he des Pfadfinderbund Kreuzfahrer im Hochtaunuskreis<\/a><\/li>\n<\/ul>\n<h3>Niedersachsen<\/h3>\n<ul>\n<li><a href=\"http:\/\/landheim-marxen.de\">Das Landheim Marxen am Rand der L\u00fcneburger Heide<\/a> (bei Hamburg)<\/li>\n<\/ul>\n<ul>\n<li><a href=\"http:\/\/gut-steimke.de\">Das Gut Steimke in Uslar<\/a> (bei G\u00f6ttingen)<\/li>\n<\/ul>\n<h3>Nordrhein-Westfalen<\/h3>\n<ul>\n<li><a href=\"http:\/\/www.akpz-ettelscheid.de\">Das Pfadfinderzentrum Ettelscheid des DPB in der Eifel<\/a><\/li>\n<\/ul>\n<h3>Saarland<\/h3>\n<ul>\n<li><a href=\"http:\/\/www.niederzerfermuehle.de\">Die Bundesm\u00fchle des CPS<\/a> (bei Trier)<\/li>\n<\/ul>\n<h3>Schleswig-Holstein<\/h3>\n<ul>\n<li><a href=\"http:\/\/www.pfadfinderheim-gross-zecher.de\">Das Pfadfinderheim Gro\u00df-Zecher am Schaalsee<\/a> (bei Ratzeburg<\/li>\n<\/ul>\n<h3>Th\u00fcringen<\/h3>\n<ul>\n<li><a href=\"https:\/\/www.schloss-martinfeld.de\">Das Bundesheim des DPB im Eichsfeld<\/a> (bei Heiligenstadt)<\/li>\n<\/ul>\n<h3>\u00d6sterreich<\/h3>\n<ul>\n<li><a href=\"http:\/\/piller.fkk-jugend.de\">Das Haus Piller der fkk-jugend im Pitztal<\/a> (Tirol)<\/li>\n<\/ul>\n","protected":false},"excerpt":{"rendered":"<p>Berlin Die Pfadfinderburg des DPB Hessen Die Burg Ludwigstein (bei Kassel) Das Landheim des Weinbacher Wandervogels (bei Limburg) Der Pfadfinderzeltplatz Wilhelmsh\u00f6he des Pfadfinderbund Kreuzfahrer im Hochtaunuskreis Niedersachsen Das Landheim Marxen am Rand der L\u00fcneburger Heide (bei Hamburg) Das Gut Steimke in Uslar (bei G\u00f6ttingen) Nordrhein-Westfalen Das Pfadfinderzentrum Ettelscheid des DPB\u2026<\/p>\n<p class=\"continue-reading-button\"> <a class=\"continue-reading-link\" href=\"https:\/\/www.ring-junger-buende.de\/wordpress\/haeuser-und-heime\/\">Continue reading<i class=\"crycon-right-dir\"><\/i><\/a><\/p>\n","protected":false},"author":1,"featured_media":0,"parent":0,"menu_order":0,"comment_status":"closed","ping_status":"closed","template":"","meta":{"ngg_post_thumbnail":0,"footnotes":""},"class_list":["post-494","page","type-page","status-publish","hentry"],"_links":{"self":[{"href":"https:\/\/www.ring-junger-buende.de\/wordpress\/wp-json\/wp\/v2\/pages\/494","targetHints":{"allow":["GET"]}}],"collection":[{"href":"https:\/\/www.ring-junger-buende.de\/wordpress\/wp-json\/wp\/v2\/pages"}],"about":[{"href":"https:\/\/www.ring-junger-buende.de\/wordpress\/wp-json\/wp\/v2\/types\/page"}],"author":[{"embeddable":true,"href":"https:\/\/www.ring-junger-buende.de\/wordpress\/wp-json\/wp\/v2\/users\/1"}],"replies":[{"embeddable":true,"href":"https:\/\/www.ring-junger-buende.de\/wordpress\/wp-json\/wp\/v2\/comments?post=494"}],"version-history":[{"count":6,"href":"https:\/\/www.ring-junger-buende.de\/wordpress\/wp-json\/wp\/v2\/pages\/494\/revisions"}],"predecessor-version":[{"id":1395,"href":"https:\/\/www.ring-junger-buende.de\/wordpress\/wp-json\/wp\/v2\/pages\/494\/revisions\/1395"}],"wp:attachment":[{"href":"https:\/\/www.ring-junger-buende.de\/wordpress\/wp-json\/wp\/v2\/media?parent=494"}],"curies":[{"name":"wp","href":"https:\/\/api.w.org\/{rel}","templated":true}]}}